**2 + 5*l + 2. Let a be q(-5). Suppose a*y - y = 30. What is the highest common factor of 20 and y?
10
Let u(f) = -12*f + 2. Let p be u(-4). Let o(h) = 21*h - 1. Let d be o(1). What is the greatest common factor of d and p?
10
Let s be (-125)/(-4) + 7/(-140)*-15. Calculate the highest common divisor of 8 and s.
8
Suppose 3*n - 24 = 5*w - w, -5*n = 2*w - 66. Let f = n - -18. Let q = 256 - 181. Calculate the greatest common divisor of f and q.
15
Let f be (3 - (-16 + -1))*1. Calculate the highest common divisor of f and 8.
4
Suppose 10 = -10*l + 5*l. Let x be (l/(-4))/((-4)/(-16)). Let i be -6*(-1 + -2 + x). Calculate the highest common factor of i and 54.
6
Suppose 10 = s - c, -4*c - 8 = -s + 14. Let k = s - -11. Calculate the highest common factor of k and 51.
17
Let a(i) = -17*i**3 + 2*i**2 + i. Let p be a(-1). Let g(n) = 197*n + 1. Let t be g(1). What is the greatest common factor of p and t?
18
Suppose -3*b = 2*b. Suppose 0 = -l - b*l + 2. What is the highest common divisor of l and 16?
2
Let f(y) = -2*y - 1. Let p be f(-1). Let x be p + (-3)/(9/(-57)). Calculate the highest common factor of 10 and x.
10
Let v = 9 + 2. Calculate the greatest common divisor of 11 and v.
11
Suppose 2*j = -4*s + 140, -4*s - s - 4*j + 181 = 0. What is the highest common divisor of 77 and s?
11
Suppose r = 39 - 12. Suppose 0 = -2*t - 11 + r. Suppose 4*n = -0*n - 3*z + 247, 0 = -2*n + 2*z + 134. Calculate the highest common divisor of t and n.
8
Let o = 22 - 14. Calculate the highest common factor of o and 72.
8
Let h be (-1)/(0 - 2/58). Calculate the highest common divisor of 261 and h.
29
Let n be (-2)/8 + 18/8. Suppose -2*r + 7 = 19. Let d be (r/8)/(6/(-16)). What is the highest common factor of n and d?
2
Let x(h) = 4*h + 14. Let w be x(10). Calculate the greatest common divisor of 36 and w.
18
Suppose 2*b + 0*b - 112 = 0. What is the greatest common divisor of 28 and b?
28
Suppose 0 = -i + 4*i + 12, 152 = 4*o + 4*i. What is the highest common divisor of 28 and o?
14
Let z(g) = 10*g**2 + 18*g - 16. Let a(x) = -7*x**2 - 12*x + 11. Let s(j) = -7*a(j) - 5*z(j). Let i be s(-6). What is the greatest common factor of 2 and i?
1
Let p(n) = n**2 + 5*n + 4. Let s be p(-5). Suppose -2*y + 60 = 3*y. Let d = -6 + y. Calculate the highest common divisor of d and s.
2
Suppose -5*m = 2*c - 180, 3*m + 5*c - 10 - 117 = 0. What is the highest common factor of 136 and m?
34
Let r be (-33)/(-2 - (-26)/16). What is the greatest common divisor of r and 220?
44
Let j = -9 - -13. Let f be -1 + (-2)/(-2) + j. What is the greatest common divisor of f and 4?
4
Let j be 1065/5 + 1*-3. Let d be 2*4*j/20. What is the highest common factor of d and 14?
14
Suppose 1 = -y + 10. What is the highest common factor of 9 and y?
9
Let p = 57 - -6. Let d(r) = 2*r**2 - 2*r + 3. Let q be d(2). What is the greatest common divisor of p and q?
7
Suppose -4*d + 35 + 13 = 0. What is the greatest common factor of d and 3?
3
Let j = -23 + 35. What is the highest common divisor of j and 6?
6
Suppose 0 = -2*t + 7*w - 3*w + 16, -2*w + 2 = 4*t. Let k be 2/((-3 + 4)*t). What is the greatest common factor of 1 and k?
1
Let f(x) = -6*x. Let r be f(1). Let v = -2 - r. Calculate the highest common factor of v and 36.
4
Suppose t + 5 = n - 11, 5*n - 112 = -3*t. Calculate the greatest common factor of n and 20.
20
Let c(m) = 22*m**3 + 1. Let w be c(-1). Let y = w + 33. What is the greatest common factor of 18 and y?
6
Let z be (-7)/(35/(-10)) + -16. Let k = 16 + z. Let s be 5*4/(-6)*-3. What is the greatest common factor of s and k?
2
Let q(r) = -r**3 - 5*r**2 + 2*r. Let h be q(-6). Let v(w) = -7*w - 2. Let f be v(-1). Suppose 0*b - 15 = -f*b. What is the greatest common divisor of h and b?
3
Let l be 14 - (2 - 1)*1. Suppose -989 = -5*i - 3*u, -3*i - 3*u = -6*i + 579. Suppose -i = -3*d + 155. Calculate the greatest common factor of d and l.
13
Let w be (1 - 1) + (2 - -158). What is the greatest common factor of 20 and w?
20
Let o(y) = -28*y - 10. Let c be o(-4). Let x(b) = -11*b + 1. Let i be x(-3). What is the highest common factor of c and i?
34
Let y(z) = z**2 - 12*z + 47. Let s be y(7). What is the highest common factor of 48 and s?
12
Suppose 411 = 2*m - 3*t, -5*t = 2*m - 249 - 122. Calculate the greatest common divisor of m and 22.
22
Let v = -6 - -2. Let o(b) = -2*b. Let c be o(v). Suppose 0 = -w - t + 65, -5*w + 2*t + 230 = -88. Calculate the greatest common factor of c and w.
8
Let z = -6 - 4. Let q = 16 + z. What is the highest common divisor of q and 4?
2
Suppose 4*j + k = 139, 0 = 4*j + 6*k - 2*k - 136. Calculate the highest common factor of 5 and j.
5
Let k(q) = -4*q + 2. Let s be k(-3). Let t = 286 + -160. Calculate the greatest common factor of s and t.
14
Let j = -3 - -6. Suppose -25 = -j*l - 2*l. Suppose 2*d = -2*r + r + 24, l*r - 78 = 4*d. Calculate the highest common divisor of r and 45.
9
Let p be 976/18 - (-2)/(-9). Calculate the greatest common divisor of 36 and p.
18
Suppose -4*l + l + 9 = 0. Suppose 0 = l*t - 9*t + 78. What is the highest common divisor of t and 130?
13
Let i = -1 - -2. Suppose -5*y - 5*h = -6 + 1, -3*y + 3 = -2*h. Suppose -32 = -3*j - 5*d, -5*j + 3*d + 9 = y. Calculate the greatest common factor of j and i.
1
Let n be (-3 - (-3 + 1)) + 679. Let q be (1/2)/((-3)/n). Let z = -68 - q. What is the highest common divisor of z and 15?
15
Let c = -20 - -26. Suppose -c = -n + 8. What is the highest common factor of n and 98?
14
Let q be 52/7 + 8/14. Let p be 6/q - (-7215)/60. Calculate the highest common divisor of 11 and p.
11
Let t be 2/8 + 7/4. Let s be ((-10)/15)/(t/(-3)). Let c = 10 + -7. What is the greatest common divisor of s and c?
1
Let u = 11 - 4. Calculate the highest common divisor of 49 and u.
7
Let m = -72 - -112. Calculate the highest common factor of 10 and m.
10
Let x(p) = -p**3 + p**2 - 3*p - 1. Let y be x(-2). What is the greatest common divisor of y and 187?
17
Let s be -4 - (-1)/((-2)/(-128)). Calculate the highest common factor of s and 12.
12
Let z = -35 - -203. Calculate the greatest common divisor of 14 and z.
14
Let i(z) = 26*z**2 - z - 1. Let s be i(-1). Let d = 1 - -4. Suppose -d*w + 0*w = -325. What is the highest common factor of s and w?
13
Let i = -140 - -239. What is the highest common divisor of 33 and i?
33
Let r = 4 + 0. Let i(d) = -d**2 - 5*d - 2. Let g(p) = p**3 - 3*p**2 + 2. Let l be g(2). Let b be i(l). Calculate the highest common factor of b and r.
4
Suppose 4*b = -4*a + 24, -3*a - a = 5*b - 28. Suppose -a*o = -0*o - 26. Calculate the greatest common factor of o and 13.
13
Suppose 3*g - 65 = -17. Suppose -5*b = -b - g. What is the greatest common divisor of 4 and b?
4
Let c(o) = -o**3 - 7*o**2 + 5*o - 15. Let r be c(-8). Calculate the highest common divisor of 27 and r.
9
Let b = 44 + -18. Let a = 45 - b. What is the greatest common factor of a and 57?
19
Let g(m) be the first derivative of -3*m**2 - 5*m - 3. Let q be g(-5). Let z = 5 + q. Calculate the highest common divisor of z and 6.
6
Let w(j) = j**3 - 5*j**2 - 8*j. Let u be w(7). Let t = u - 29. What is the greatest common divisor of t and 39?
13
Let u(x) = -x**2 + 10*x + 19. Let p be u(8). Suppose 2 = -2*r + 2*j + 12, 4*r - 20 = -2*j. What is the greatest common factor of r and p?
5
Let s = 82 + -68. What is the greatest common divisor of 70 and s?
14
Suppose 5*k = 2*d + 86 + 14, -3*d + 3*k - 168 = 0. Let t = d + 94. Calculate the highest common factor of 51 and t.
17
Suppose -5*q + 20 = 2*v - q, 3*q - 13 = -v. Suppose -v*m + 20 = m. What is the greatest common divisor of 4 and m?
4
Suppose 3*t + 7 - 59 = 5*c, 4*t - 26 = -2*c. Suppose -s = 2*s - t. Calculate the highest common factor of 6 and s.
3
Let o(p) = p**3 - 6*p**2 - 5*p + 5. Let g be o(7). Calculate the highest common factor of 38 and g.
19
Suppose -70 = -7*v + 5*v. What is the greatest common divisor of v and 14?
7
Let m = 6 - 0. Suppose -m*q = 3*b - 2*q + 8, -5*b = 4*q. Suppose -3*g - b*k = -38, 3*k - k - 4 = 0. What is the highest common divisor of g and 50?
10
Suppose 28 + 107 = 5*i. Let m be (-843)/27 + 6/i. Let f = m + 48. What is the highest common factor of f and 51?
17
Let i be 5/(-2)*(-4 + 8). Let t = i - -14. Let m = -19 - -63. Calculate the highest common factor of m and t.
4
Let h = -6 + 11. Suppose -5 + 105 =